{"id":98,"date":"2021-06-03T10:40:34","date_gmt":"2021-06-03T10:40:34","guid":{"rendered":"http:\/\/www.artisticfilms.es\/?page_id=98"},"modified":"2021-06-03T11:45:05","modified_gmt":"2021-06-03T11:45:05","slug":"productora","status":"publish","type":"page","link":"http:\/\/www.artisticfilms.es\/index.php\/productora\/","title":{"rendered":"Productora"},"content":{"rendered":"\n<figure class=\"wp-block-image size-large is-resized\"><img loading=\"lazy\" decoding=\"async\" src=\"http:\/\/www.artisticfilms.es\/wp-content\/uploads\/2021\/06\/banner-4-1024x418.jpg\" alt=\"\" class=\"wp-image-106\" width=\"841\" height=\"470\"\/><\/figure>\n\n\n\n<p class=\"has-text-align-center\">Artistic Films nace en 2001 como productora de cine, publicidad y TV en Sitges. Posteriormente, en el a\u00f1o 2012, se traslada a Madrid donde combina la producci\u00f3n cinematogr\u00e1fica junto con la distribuci\u00f3n de t\u00edtulos independientes.<\/p>\n\n\n\n<h4 class=\"has-text-align-center wp-block-heading\"><strong>T\u00edtulos producidos:<\/strong><\/h4>\n\n\n\n<ul class=\"wp-block-list\" id=\"block-9e01cb16-8fe3-4019-955b-28b7504ae78d\"><li><em>Selva Roja<\/em> (\u00c1ngel Mora, 1996, Thriller)<\/li><li><em>The Snuff Game<\/em> (\u00c1ngel Mora, 2000, Terror)<\/li><li><em>Sangra Babylon<\/em> (J.L. Arnetta, 2001, Drama\/Acci\u00f3n)<\/li><li><em>Animal, el documental <\/em>(\u00c1ngel Mora. 2008, Documental)<\/li><li><em>Empusa<\/em> (Jacinto Molina, 2010, Terror)<\/li><li><em>Vampyres<\/em> (V\u00edctor Matellano, 2015, Terror)<\/li><li><em>Regresa el Cepa<\/em> (V\u00edctor Matellano, 2019, Documental)<\/li><li><em>The Nanny\u00b4s Night<\/em> (Igna L. Vacas, 2021, Terror\/Comedia)<\/li><\/ul>\n\n\n\n<p class=\"has-text-align-center\">Amantes del cine independiente especializados en terror y thriller.<\/p>\n\n\n\n<div class=\"wp-block-image\"><figure class=\"aligncenter size-large is-resized\"><img loading=\"lazy\" decoding=\"async\" src=\"http:\/\/www.artisticfilms.es\/wp-content\/uploads\/2021\/06\/Festival-de-Sitges_reference.png\" alt=\"\" class=\"wp-image-111\" width=\"140\" height=\"140\" srcset=\"http:\/\/www.artisticfilms.es\/wp-content\/uploads\/2021\/06\/Festival-de-Sitges_reference.png 522w, http:\/\/www.artisticfilms.es\/wp-content\/uploads\/2021\/06\/Festival-de-Sitges_reference-300x300.png 300w, http:\/\/www.artisticfilms.es\/wp-content\/uploads\/2021\/06\/Festival-de-Sitges_reference-150x150.png 150w\" sizes=\"auto, (max-width: 140px) 100vw, 140px\" \/><\/figure><\/div>\n\n\n\n<div class=\"wp-block-image\"><figure class=\"aligncenter size-large is-resized\"><img loading=\"lazy\" decoding=\"async\" src=\"http:\/\/www.artisticfilms.es\/wp-content\/uploads\/2021\/06\/285107-que-hora-es-entrega-premios-goya-2018-1024x578.png\" alt=\"\" class=\"wp-image-112\" width=\"183\" height=\"103\" srcset=\"http:\/\/www.artisticfilms.es\/wp-content\/uploads\/2021\/06\/285107-que-hora-es-entrega-premios-goya-2018-1024x578.png 1024w, http:\/\/www.artisticfilms.es\/wp-content\/uploads\/2021\/06\/285107-que-hora-es-entrega-premios-goya-2018-300x169.png 300w, http:\/\/www.artisticfilms.es\/wp-content\/uploads\/2021\/06\/285107-que-hora-es-entrega-premios-goya-2018-768x433.png 768w, http:\/\/www.artisticfilms.es\/wp-content\/uploads\/2021\/06\/285107-que-hora-es-entrega-premios-goya-2018.png 1200w\" sizes=\"auto, (max-width: 183px) 100vw, 183px\" \/><\/figure><\/div>\n","protected":false},"excerpt":{"rendered":"<p>Artistic Films nace en 2001 como productora de cine, publicidad y TV en Sitges. Posteriormente, en el a\u00f1o 2012, se traslada a Madrid donde combina la producci\u00f3n cinematogr\u00e1fica junto con la distribuci\u00f3n de t\u00edtulos independientes. T\u00edtulos producidos: Selva Roja (\u00c1ngel Mora, 1996, Thriller) The Snuff Game (\u00c1ngel Mora, 2000, Terror) Sangra Babylon (J.L. Arnetta, 2001, [&hellip;]<\/p>\n","protected":false},"author":1,"featured_media":0,"parent":0,"menu_order":0,"comment_status":"closed","ping_status":"closed","template":"","meta":{"footnotes":""},"class_list":["post-98","page","type-page","status-publish","hentry"],"_links":{"self":[{"href":"http:\/\/www.artisticfilms.es\/index.php\/wp-json\/wp\/v2\/pages\/98","targetHints":{"allow":["GET"]}}],"collection":[{"href":"http:\/\/www.artisticfilms.es\/index.php\/wp-json\/wp\/v2\/pages"}],"about":[{"href":"http:\/\/www.artisticfilms.es\/index.php\/wp-json\/wp\/v2\/types\/page"}],"author":[{"embeddable":true,"href":"http:\/\/www.artisticfilms.es\/index.php\/wp-json\/wp\/v2\/users\/1"}],"replies":[{"embeddable":true,"href":"http:\/\/www.artisticfilms.es\/index.php\/wp-json\/wp\/v2\/comments?post=98"}],"version-history":[{"count":4,"href":"http:\/\/www.artisticfilms.es\/index.php\/wp-json\/wp\/v2\/pages\/98\/revisions"}],"predecessor-version":[{"id":113,"href":"http:\/\/www.artisticfilms.es\/index.php\/wp-json\/wp\/v2\/pages\/98\/revisions\/113"}],"wp:attachment":[{"href":"http:\/\/www.artisticfilms.es\/index.php\/wp-json\/wp\/v2\/media?parent=98"}],"curies":[{"name":"wp","href":"https:\/\/api.w.org\/{rel}","templated":true}]}}