{"id":158,"date":"2021-06-05T10:30:26","date_gmt":"2021-06-05T10:30:26","guid":{"rendered":"http:\/\/www.artisticfilms.es\/?page_id=158"},"modified":"2021-06-05T11:10:42","modified_gmt":"2021-06-05T11:10:42","slug":"drama","status":"publish","type":"page","link":"http:\/\/www.artisticfilms.es\/index.php\/drama\/","title":{"rendered":"Drama"},"content":{"rendered":"\n<div class=\"wp-block-media-text alignwide is-stacked-on-mobile\" style=\"grid-template-columns:23% auto\"><figure class=\"wp-block-media-text__media\"><img loading=\"lazy\" decoding=\"async\" width=\"704\" height=\"1000\" src=\"http:\/\/www.artisticfilms.es\/wp-content\/uploads\/2021\/06\/nubes-de-carton.jpg\" alt=\"\" class=\"wp-image-169 size-full\" srcset=\"http:\/\/www.artisticfilms.es\/wp-content\/uploads\/2021\/06\/nubes-de-carton.jpg 704w, http:\/\/www.artisticfilms.es\/wp-content\/uploads\/2021\/06\/nubes-de-carton-211x300.jpg 211w\" sizes=\"auto, (max-width: 704px) 100vw, 704px\" \/><\/figure><div class=\"wp-block-media-text__content\">\n<p class=\"has-text-align-center has-large-font-size\"><strong><em>Nubes de Cart\u00f3n<\/em><\/strong><\/p>\n\n\n\n<p>G\u00e9nero: Drama<\/p>\n\n\n\n<p>A\u00f1o: 2019<\/p>\n\n\n\n<p>Duraci\u00f3n: 104 min<\/p>\n\n\n\n<p class=\"has-text-align-center\">Miguel es un mendigo aislado de la sociedad que sobrevive en la calles tras la muerte de su madre. Su hermana menor Irene es lo \u00fanico que le queda, pero ella le odia por todos los errores que cometi\u00f3 en un oscuro pasado envuelto en alcohol y drogas. Miguel lucha contra su enfermedad y los obst\u00e1culos de su triste y solitaria vida, para que su hermana le perdone antes de que sea demasiado tarde, pero un fat\u00eddico y sorprendente hallazgo lo cambiar\u00e1 todo.<\/p>\n<\/div><\/div>\n","protected":false},"excerpt":{"rendered":"<p>Nubes de Cart\u00f3n G\u00e9nero: Drama A\u00f1o: 2019 Duraci\u00f3n: 104 min Miguel es un mendigo aislado de la sociedad que sobrevive en la calles tras la muerte de su madre. Su hermana menor Irene es lo \u00fanico que le queda, pero ella le odia por todos los errores que cometi\u00f3 en un oscuro pasado envuelto en [&hellip;]<\/p>\n","protected":false},"author":1,"featured_media":0,"parent":0,"menu_order":0,"comment_status":"closed","ping_status":"closed","template":"","meta":{"footnotes":""},"class_list":["post-158","page","type-page","status-publish","hentry"],"_links":{"self":[{"href":"http:\/\/www.artisticfilms.es\/index.php\/wp-json\/wp\/v2\/pages\/158","targetHints":{"allow":["GET"]}}],"collection":[{"href":"http:\/\/www.artisticfilms.es\/index.php\/wp-json\/wp\/v2\/pages"}],"about":[{"href":"http:\/\/www.artisticfilms.es\/index.php\/wp-json\/wp\/v2\/types\/page"}],"author":[{"embeddable":true,"href":"http:\/\/www.artisticfilms.es\/index.php\/wp-json\/wp\/v2\/users\/1"}],"replies":[{"embeddable":true,"href":"http:\/\/www.artisticfilms.es\/index.php\/wp-json\/wp\/v2\/comments?post=158"}],"version-history":[{"count":3,"href":"http:\/\/www.artisticfilms.es\/index.php\/wp-json\/wp\/v2\/pages\/158\/revisions"}],"predecessor-version":[{"id":185,"href":"http:\/\/www.artisticfilms.es\/index.php\/wp-json\/wp\/v2\/pages\/158\/revisions\/185"}],"wp:attachment":[{"href":"http:\/\/www.artisticfilms.es\/index.php\/wp-json\/wp\/v2\/media?parent=158"}],"curies":[{"name":"wp","href":"https:\/\/api.w.org\/{rel}","templated":true}]}}