{"id":157,"date":"2021-06-05T10:30:26","date_gmt":"2021-06-05T10:30:26","guid":{"rendered":"http:\/\/www.artisticfilms.es\/?page_id=157"},"modified":"2021-06-05T11:09:26","modified_gmt":"2021-06-05T11:09:26","slug":"terror","status":"publish","type":"page","link":"http:\/\/www.artisticfilms.es\/index.php\/terror\/","title":{"rendered":"Terror"},"content":{"rendered":"\n<div class=\"wp-block-media-text alignwide is-stacked-on-mobile\" style=\"grid-template-columns:23% auto\"><figure class=\"wp-block-media-text__media\"><img loading=\"lazy\" decoding=\"async\" width=\"310\" height=\"420\" src=\"http:\/\/www.artisticfilms.es\/wp-content\/uploads\/2021\/06\/cartel-vampyres-1.jpg\" alt=\"\" class=\"wp-image-167 size-full\" srcset=\"http:\/\/www.artisticfilms.es\/wp-content\/uploads\/2021\/06\/cartel-vampyres-1.jpg 310w, http:\/\/www.artisticfilms.es\/wp-content\/uploads\/2021\/06\/cartel-vampyres-1-221x300.jpg 221w\" sizes=\"auto, (max-width: 310px) 100vw, 310px\" \/><\/figure><div class=\"wp-block-media-text__content\">\n<p class=\"has-text-align-center has-large-font-size\"><strong><em>Vampyres<\/em><\/strong><\/p>\n\n\n\n<p>G\u00e9nero: Terror<\/p>\n\n\n\n<p>A\u00f1o: 2015<\/p>\n\n\n\n<p>Duraci\u00f3n: 82 min<\/p>\n\n\n\n<p class=\"has-text-align-center\">Dos vampiras, que habitan en una oscura mansi\u00f3n, atraen a los hombres para ofrecerles org\u00edas de sexo que desembocan en ba\u00f1os de sangre. Hasta all\u00ed llegan unos j\u00f3venes excursionistas con ganas de fiesta y un hombre joven que oculta un oscuro pasado.<\/p>\n<\/div><\/div>\n\n\n\n<p><\/p>\n\n\n\n<div class=\"wp-block-media-text alignwide is-stacked-on-mobile\" style=\"grid-template-columns:23% auto\"><figure class=\"wp-block-media-text__media\"><img loading=\"lazy\" decoding=\"async\" width=\"654\" height=\"1024\" src=\"http:\/\/www.artisticfilms.es\/wp-content\/uploads\/2021\/06\/La-dama-del-bosque-654x1024.jpg\" alt=\"\" class=\"wp-image-168 size-full\" srcset=\"http:\/\/www.artisticfilms.es\/wp-content\/uploads\/2021\/06\/La-dama-del-bosque-654x1024.jpg 654w, http:\/\/www.artisticfilms.es\/wp-content\/uploads\/2021\/06\/La-dama-del-bosque-192x300.jpg 192w, http:\/\/www.artisticfilms.es\/wp-content\/uploads\/2021\/06\/La-dama-del-bosque.jpg 766w\" sizes=\"auto, (max-width: 654px) 100vw, 654px\" \/><\/figure><div class=\"wp-block-media-text__content\">\n<p class=\"has-text-align-center has-large-font-size\"><strong><em>La Dama del Bosque Maldito<\/em><\/strong><\/p>\n\n\n\n<p>G\u00e9nero: Terror<\/p>\n\n\n\n<p>A\u00f1o: 2017<\/p>\n\n\n\n<p>Duraci\u00f3n: 93 min<\/p>\n\n\n\n<p class=\"has-text-align-center\">Un grupo de amigos sube una monta\u00f1a en busca de una nueva aventura. Su viaje toma un rumbo inesperado despu\u00e9s de la primera noche, cuando Marta cuenta &#8220;la leyenda de la dama del bosque maldito&#8221;. Una antigua historia que pertenece a este bosque.<\/p>\n<\/div><\/div>\n\n\n\n<p><\/p>\n\n\n\n<div class=\"wp-block-media-text alignwide is-stacked-on-mobile\" style=\"grid-template-columns:24% auto\"><figure class=\"wp-block-media-text__media\"><img loading=\"lazy\" decoding=\"async\" width=\"344\" height=\"480\" src=\"http:\/\/www.artisticfilms.es\/wp-content\/uploads\/2021\/06\/cartel-Empusa.jpg\" alt=\"\" class=\"wp-image-173 size-full\" srcset=\"http:\/\/www.artisticfilms.es\/wp-content\/uploads\/2021\/06\/cartel-Empusa.jpg 344w, http:\/\/www.artisticfilms.es\/wp-content\/uploads\/2021\/06\/cartel-Empusa-215x300.jpg 215w\" sizes=\"auto, (max-width: 344px) 100vw, 344px\" \/><\/figure><div class=\"wp-block-media-text__content\">\n<p class=\"has-text-align-center has-large-font-size\"><strong><em>Empusa<\/em><\/strong><\/p>\n\n\n\n<p>G\u00e9nero: Terror<\/p>\n\n\n\n<p>A\u00f1o: 2010<\/p>\n\n\n\n<p>Duraci\u00f3n: 96 min<\/p>\n\n\n\n<p class=\"has-text-align-center\">Abel, un actor retirado que se ha vuelto un entusiasta del ocultismo y V\u00edctor, un viejo lobo de mar, toman largos paseos en la playa hablando de los viejos tiempos. Durante uno de estos paseos encuentran el brazo de una mujer cortado por debajo del codo y con un extra\u00f1o s\u00edmbolo tatuado en la mu\u00f1eca. Obsesionado por el apasionante descubrimiento, Abel decide llevarse a casa el brazo cercenado e investigar el s\u00edmbolo. \u00daltima pel\u00edcula del gran Paul Naschy que muri\u00f3 antes de terminarse la post-producci\u00f3n de la misma.\u00a0<\/p>\n<\/div><\/div>\n\n\n\n<div class=\"wp-block-media-text alignwide is-stacked-on-mobile\" style=\"grid-template-columns:24% auto\"><figure class=\"wp-block-media-text__media\"><img loading=\"lazy\" decoding=\"async\" width=\"300\" height=\"450\" src=\"http:\/\/www.artisticfilms.es\/wp-content\/uploads\/2021\/06\/la-mujer-que-hablaba-con-los-muertos.jpg\" alt=\"\" class=\"wp-image-174 size-full\" srcset=\"http:\/\/www.artisticfilms.es\/wp-content\/uploads\/2021\/06\/la-mujer-que-hablaba-con-los-muertos.jpg 300w, http:\/\/www.artisticfilms.es\/wp-content\/uploads\/2021\/06\/la-mujer-que-hablaba-con-los-muertos-200x300.jpg 200w\" sizes=\"auto, (max-width: 300px) 100vw, 300px\" \/><\/figure><div class=\"wp-block-media-text__content\">\n<p class=\"has-text-align-center has-large-font-size\"><strong><em>La mujer que hablaba con los muertos<\/em><\/strong><\/p>\n\n\n\n<p>G\u00e9nero: Terror<\/p>\n\n\n\n<p>A\u00f1o: 2014<\/p>\n\n\n\n<p>Duraci\u00f3n: 99 min<\/p>\n\n\n\n<p class=\"has-text-align-center\">Cuando Elena Casta\u00f1o era una ni\u00f1a, ten\u00eda un don: era capaz de comunicarse con los esp\u00edritus de los muertos&#8230; pero esa capacidad desapareci\u00f3 al crecer. Ahora, Elena y su hermana \u00darsula viven de las rentas del pasado, organizando falsas sesiones de espiritismo en las que embaucan a los incautos. Elena, harta de esa vida, ha decidido que esta noche celebrar\u00e1 su \u00faltima sesi\u00f3n. Todo est\u00e1 dispuesto, solo que hay un invitado de m\u00e1s&#8230; un invitado al que nadie esperaba.<\/p>\n\n\n\n<p><\/p>\n<\/div><\/div>\n\n\n\n<div class=\"wp-block-media-text alignwide is-stacked-on-mobile\" style=\"grid-template-columns:24% auto\"><figure class=\"wp-block-media-text__media\"><img loading=\"lazy\" decoding=\"async\" width=\"168\" height=\"300\" src=\"http:\/\/www.artisticfilms.es\/wp-content\/uploads\/2021\/06\/de-la-piel-del-diablo.jpg\" alt=\"\" class=\"wp-image-175 size-full\"\/><\/figure><div class=\"wp-block-media-text__content\">\n<p class=\"has-text-align-center has-large-font-size\"><strong><em>De la piel del Diablo<\/em><\/strong><\/p>\n\n\n\n<p>G\u00e9nero: Terror<\/p>\n\n\n\n<p>A\u00f1o: 2019<\/p>\n\n\n\n<p>Duraci\u00f3n: 75 min<\/p>\n\n\n\n<p class=\"has-text-align-center\">La atracci\u00f3n se desata entre un hombre y una mujer que se encuentran en una galer\u00eda de arte. Comparten gustos y pasatiempos, y ambos parecen ser justo lo que el otro necesita, pero lo que deber\u00eda ser una noche de pasi\u00f3n pronto se convertir\u00e1 en un juego perverso y lleno de trampas y mentiras, en el que nada es lo que parece.<\/p>\n<\/div><\/div>\n\n\n\n<p><\/p>\n\n\n\n<div class=\"wp-block-media-text alignwide is-stacked-on-mobile\" style=\"grid-template-columns:24% auto\"><figure class=\"wp-block-media-text__media\"><img loading=\"lazy\" decoding=\"async\" width=\"300\" height=\"417\" src=\"http:\/\/www.artisticfilms.es\/wp-content\/uploads\/2021\/06\/buenas_noches_dijo_la_senorita_pajaro-444549346-mmed.jpg\" alt=\"\" class=\"wp-image-177 size-full\" srcset=\"http:\/\/www.artisticfilms.es\/wp-content\/uploads\/2021\/06\/buenas_noches_dijo_la_senorita_pajaro-444549346-mmed.jpg 300w, http:\/\/www.artisticfilms.es\/wp-content\/uploads\/2021\/06\/buenas_noches_dijo_la_senorita_pajaro-444549346-mmed-216x300.jpg 216w\" sizes=\"auto, (max-width: 300px) 100vw, 300px\" \/><\/figure><div class=\"wp-block-media-text__content\">\n<p class=\"has-large-font-size\">Buenas Noches, dijo la Se\u00f1orita P\u00e1jaro<\/p>\n\n\n\n<p>G\u00e9nero: Terror<\/p>\n\n\n\n<p>A\u00f1o: 2012<\/p>\n\n\n\n<p>Duraci\u00f3n: 100 min<\/p>\n\n\n\n<p class=\"has-text-align-center\">Un adulterio, un secreto familiar, un asesino en serie. Una historia fabricada con estructura de mu\u00f1ecas rusas y con ritmo de monta\u00f1a rusa. El espectador busca una barandilla a la que agarrarse, pero s\u00f3lo encuentra cuchillos.<\/p>\n\n\n\n<p><\/p>\n<\/div><\/div>\n\n\n\n<div class=\"wp-block-media-text alignwide is-stacked-on-mobile\" style=\"grid-template-columns:25% auto\"><figure class=\"wp-block-media-text__media\"><img loading=\"lazy\" decoding=\"async\" width=\"500\" height=\"719\" src=\"http:\/\/www.artisticfilms.es\/wp-content\/uploads\/2021\/06\/mi.jpg\" alt=\"\" class=\"wp-image-178 size-full\" srcset=\"http:\/\/www.artisticfilms.es\/wp-content\/uploads\/2021\/06\/mi.jpg 500w, http:\/\/www.artisticfilms.es\/wp-content\/uploads\/2021\/06\/mi-209x300.jpg 209w\" sizes=\"auto, (max-width: 500px) 100vw, 500px\" \/><\/figure><div class=\"wp-block-media-text__content\">\n<p class=\"has-text-align-center has-large-font-size\"><strong><em>M\u00ed<\/em><\/strong><\/p>\n\n\n\n<p>G\u00e9nero: Terror<\/p>\n\n\n\n<p>A\u00f1o: 2009<\/p>\n\n\n\n<p>Duraci\u00f3n: 95 min<\/p>\n\n\n\n<p class=\"has-text-align-center\">Luisa cree vivir a la sombra de sus padres. Tiene la sensaci\u00f3n de que toda su vida ha sido dise\u00f1ada por ellos. Ni su prometedora carrera ni el apoyo de su novio, Rub\u00e9n, parecen apartar esa idea de su cabeza. Adem\u00e1s, unos terribles acontecimientos de su ni\u00f1ez van a volver a su vida con una fuerza demoledora, trayendo m\u00e1s angustia y tristeza Y puede que asesinato. Luisa va a tener que hacer frente a una situaci\u00f3n que le supera por completo, porque \u00bfC\u00f3mo te defiendes cuando tu peor enemiga eres t\u00fa misma?<\/p>\n\n\n\n<p><\/p>\n<\/div><\/div>\n","protected":false},"excerpt":{"rendered":"<p>Vampyres G\u00e9nero: Terror A\u00f1o: 2015 Duraci\u00f3n: 82 min Dos vampiras, que habitan en una oscura mansi\u00f3n, atraen a los hombres para ofrecerles org\u00edas de sexo que desembocan en ba\u00f1os de sangre. Hasta all\u00ed llegan unos j\u00f3venes excursionistas con ganas de fiesta y un hombre joven que oculta un oscuro pasado. La Dama del Bosque Maldito [&hellip;]<\/p>\n","protected":false},"author":1,"featured_media":0,"parent":0,"menu_order":0,"comment_status":"closed","ping_status":"closed","template":"","meta":{"footnotes":""},"class_list":["post-157","page","type-page","status-publish","hentry"],"_links":{"self":[{"href":"http:\/\/www.artisticfilms.es\/index.php\/wp-json\/wp\/v2\/pages\/157","targetHints":{"allow":["GET"]}}],"collection":[{"href":"http:\/\/www.artisticfilms.es\/index.php\/wp-json\/wp\/v2\/pages"}],"about":[{"href":"http:\/\/www.artisticfilms.es\/index.php\/wp-json\/wp\/v2\/types\/page"}],"author":[{"embeddable":true,"href":"http:\/\/www.artisticfilms.es\/index.php\/wp-json\/wp\/v2\/users\/1"}],"replies":[{"embeddable":true,"href":"http:\/\/www.artisticfilms.es\/index.php\/wp-json\/wp\/v2\/comments?post=157"}],"version-history":[{"count":2,"href":"http:\/\/www.artisticfilms.es\/index.php\/wp-json\/wp\/v2\/pages\/157\/revisions"}],"predecessor-version":[{"id":181,"href":"http:\/\/www.artisticfilms.es\/index.php\/wp-json\/wp\/v2\/pages\/157\/revisions\/181"}],"wp:attachment":[{"href":"http:\/\/www.artisticfilms.es\/index.php\/wp-json\/wp\/v2\/media?parent=157"}],"curies":[{"name":"wp","href":"https:\/\/api.w.org\/{rel}","templated":true}]}}